s digit of r(-2)?
0
Suppose 3*k = 2*j + 5 + 12, 0 = -k + 5*j + 10. Let n = 6 + k. Suppose n = -f + 2*f. What is the tens digit of f?
1
Let d be 8/28 + (-96)/(-7). Let y = -5 + d. What is the units digit of y?
9
Let r(m) = -m**3 + 7*m**2 - 2*m + 3. Let i be r(6). Let v = 48 - i. What is the tens digit of v?
2
Suppose 4*s = -2*b - b - 12, 0 = 3*s + 4*b + 9. Suppose 5*x = -10, -4*x - 4 = 4*i - 12. What is the units digit of (0 - s) + (6 - i)?
5
Let z(g) = 1 - 2 - 8*g - 2. What is the units digit of z(-5)?
7
Suppose 0 = n - 38 - 7. What is the tens digit of n?
4
Suppose 6 = x - 2. Let d = -6 - -8. Suppose 6 = d*h + 4*i, 2*i + x = 5*h - 31. What is the units digit of h?
7
Let y(v) = -v**2 + 10*v - 2. Let w be y(10). What is the units digit of (116/6)/(w/(-3))?
9
Let y = 57 - -4. What is the tens digit of y?
6
Suppose 4*o + 5*j - 225 = 0, 5*o = -0*j - 4*j + 279. What is the tens digit of o?
5
Suppose 5*d + 0*d = -45. Let w be 14*(d/(-6) - 2). Let p(l) = -l**2 - 9*l - 3. What is the units digit of p(w)?
1
Let g = -114 + 167. What is the tens digit of g?
5
Suppose -2*w + 22 = -18. What is the tens digit of w?
2
Suppose -3*p + 13 = f, f + 0*p - 3*p = -5. Suppose 0 = -5*s - 25, 2*h - f*s = -9*s - 23. What is the units digit of h?
1
Let i = 1 + 5. Let s = 82 + -80. What is the units digit of 7 + s + i/(-2)?
6
Let h = -48 + 83. Suppose y + 4 = h. What is the tens digit of y?
3
What is the tens digit of (-7 + 112/40)*(-4 + -1)?
2
Let p be ((-4)/(-10))/(2/10). Suppose p*m - 30 = -m. What is the units digit of m?
0
Suppose 4*z - 39 - 41 = 4*l, -5*z + 90 = 5*l. What is the units digit of z?
9
Suppose 2 + 13 = 5*q. Let r = q - 1. What is the units digit of (-1 - 0)/(r/(-18))?
9
Let s(x) = -x**2 + 9*x + 2. What is the units digit of s(3)?
0
Let j(g) = 2*g - 2. Let l be j(2). What is the units digit of (-3 + l)*-9 - 3?
6
Let k = 47 + -44. What is the units digit of k?
3
Let u = 5 - 5. Suppose -3 - 13 = -2*k + r, 2*k + 5*r + 8 = u. What is the units digit of k?
6
Let t(b) = 2*b**2 + 16*b + 5. What is the units digit of t(-11)?
1
Let o(y) = y**2 + 7*y - 1. What is the tens digit of o(3)?
2
Suppose -913 = -9*s - 2*s. What is the tens digit of s?
8
Let k = 3 + -2. Let u(q) = -q + 8. Let p be u(-6). Suppose -4*w + p = -d, -d + k = 2*w - 9. What is the units digit of d?
2
Let n(f) = -f**3 - 12*f**2 - 2*f + 13. What is the units digit of n(-12)?
7
Let s(h) = -h + 2*h**2 + h + 3*h. Let m(d) = d**3 + d - 2. Let q be m(0). What is the units digit of s(q)?
2
Suppose 0 = 5*h + v - 14 - 10, -5*h + 5*v + 30 = 0. Suppose -3*b + u + 7 = -16, 5*b = 4*u + 36. Let z = b - h. What is the units digit of z?
3
Let u = -11 - -7. Let o(y) = y**2 - y + 1. What is the units digit of o(u)?
1
Suppose -152 = -5*x + 138. Suppose -4*j - x = -3*c, -j = -c - 0*c + 21. What is the units digit of c?
6
Suppose 0*x = x - 14. What is the tens digit of x?
1
Let g = -4 - -7. Suppose 0 = -0*d - g*d + 33. What is the units digit of d?
1
Let f(g) = g**2 + 3. Suppose -3*n + 2*n = 0. What is the units digit of f(n)?
3
Suppose -x = 4*x + 35. Let c = x - -18. What is the tens digit of c?
1
Let u(n) = -n**3 + 4*n**2 + 15*n - 2. What is the units digit of u(6)?
6
Let v be -2*(195/(-6) + 2). Suppose -v = -4*b + 59. What is the tens digit of b?
3
What is the units digit of 27/162 - (-58)/12?
5
Let g = -18 + 39. What is the units digit of g?
1
Suppose 2*k - k - 6 = 0. Let c = k - 6. What is the units digit of (9 - (c + -2)) + -3?
8
Suppose -2*i + 4*i = 8. Suppose 14 = 2*t - i*x, 4*t - 2*t - 2*x = 22. What is the tens digit of t?
1
Suppose -2*j - 3*n - 77 + 26 = 0, 4*j - 4*n = -72. Let f = j + 26. What is the units digit of f?
5
Let a be (-6)/(-9) - 20/(-6). Let j(u) = a*u - 3*u + u - 6 + 0*u. What is the units digit of j(7)?
8
Let h be -1 - (-3 - -4)*-1. Suppose 3*b + b = -12. Let o = h - b. What is the units digit of o?
3
Suppose 5*d = 26 + 9. Suppose i + 3 = -d. What is the tens digit of (-2)/4*2*i?
1
Let x be 2 + 4/2 + -2. Let l = -10 - -14. Let b = l - x. What is the units digit of b?
2
Suppose 11*v - 25 = 30. What is the units digit of v?
5
Let z be 3*(-2)/6*5. Let n = 1 + z. Let m(y) = y + 5. What is the units digit of m(n)?
1
Suppose -1 = 2*y + 4*w + 1, y = w + 5. Suppose 5 = 5*q + g, g - y*g - 10 = 0. Suppose 4*a - 40 = q*a. What is the tens digit of a?
2
Let x(q) = q**3 + 9*q**2 + 7*q - 11. Let d be x(-8). Let y be (-1 + (-2 - d))*-1. Suppose 4*c = -y*c + 16. What is the units digit of c?
4
Let i(d) = 3*d + 2*d + 1 + 7*d + 3*d. What is the units digit of i(1)?
6
Suppose -5*u + w + 25 = 0, -6 = 4*u - 3*w - 37. Suppose -3*c - 34 = -u*c. What is the tens digit of c?
3
Let v(r) = r + 13. Let i = -17 + 31. What is the tens digit of v(i)?
2
Let q be (1 - (-1 - -12))*1. Let h = q - -18. Suppose 0 = -0*x - x + h. What is the units digit of x?
8
Let r(h) = 2*h. Let v be r(2). Let t be (-6)/(-15) - (-14)/(-10). Let m = v - t. What is the units digit of m?
5
Let x(j) = 3*j**2 - 1. Let i be x(-1). Suppose 4*d + 1 = i*m + 15, m + 4*d = 17. What is the units digit of m?
1
Let h(q) be the first derivative of -9*q**2 - q - 1. What is the tens digit of h(-1)?
1
Suppose 3*m + 12 = -3*s, s - 2 = -4*m - 6. What is the tens digit of ((-30)/s)/((-12)/(-16))?
1
Let c = 20 - 29. Let f = c - -33. What is the tens digit of f?
2
Suppose -6*g + 10*g - 8 = 0. What is the units digit of g?
2
Suppose -5*w = -244 - 121. Suppose 3*m = -0*m - 3*u + 39, -5*m + w = -3*u. Suppose 0 = -4*n + 5*g - 0*g + 44, 0 = -5*n - 4*g + m. What is the units digit of n?
6
Let w be -3 - (3 - (-32)/(-4)). Let d be (26/(-6))/(2/6). Let x = w - d. What is the units digit of x?
5
Let t(x) = x**2 + 2*x - 2. Suppose -3*g + 3*a - 9 = 2*a, 2*a - 12 = 4*g. Let v be t(g). What is the tens digit of v/((-9)/30)*-3?
1
Suppose -4*o + 4 = -128. What is the units digit of o?
3
Suppose -7*k - 40 = -3*k. Let b(u) = -u**2 - 12*u - 2. What is the tens digit of b(k)?
1
Suppose -w = -3*x + 1253, 5*w = 5*x + 2*w - 2083. What is the tens digit of x?
1
Let f(o) = -2*o - 1. Let b be f(2). Let r = b + 23. What is the units digit of r?
8
Suppose -2*t = -106 + 18. What is the tens digit of t?
4
Let j(f) = -f**3 + 6*f**2 - 4*f + 1. Let l = 7 + -2. Let y be j(l). Suppose -4*h = -w - 11, 5*w - 3*h + y = 2*w. What is the units digit of w?
1
Let z(x) = 4*x**2 + 3*x - 6. Let j be z(-4). Suppose 2*t = j + 50. What is the units digit of t?
8
Suppose 3*r + 66 = 162. What is the units digit of r?
2
Let q(d) = -d**3 - 5*d**2 + 5*d - 4. Let h be q(-6). Let g be 6/2*(-4)/(-3). Let i = g - h. What is the units digit of i?
2
Let l = -4 - -1. Let u = l + 6. Suppose 0 = -u*x - 0*r + r + 15, r = -4*x + 27. What is the units digit of x?
6
Let q(a) = 20*a - 4. What is the tens digit of q(2)?
3
What is the tens digit of 1/(1*3/165)?
5
Let h(g) = g + 6. Let c be h(-5). Let l = 5 + c. What is the units digit of l?
6
Let q(c) = c + 11. Let f be q(-10). What is the tens digit of (3 - 2)/f*25?
2
Let c = 7 + 109. What is the units digit of c?
6
Let s(t) = t. Let f be s(3). Let x = 13 + f. What is the units digit of x?
6
Let i(t) = t**2 - 3*t + 1. Let c be i(4). Let b = 2 + -6. Let k = c + b. What is the units digit of k?
1
Let t be (-8)/6 - (-10)/(-15). Let p be t - (-8 + (3 - 2)). What is the units digit of p - (0/3)/(-1)?
5
Let y = 92 + -53. Suppose 37 = 5*q - 8. What is the units digit of y/q*3 + -2?
1
What is the tens digit of (-1 - -2)*474/6?
7
Let x(l) = 3*l**3 + 7*l**2 - 16. Let i(n) = -2*n**3 - 4*n**2 + 8. Let r(w) = -5*i(w) - 3*x(w). Let f be (0/1)/(3 + -2). What is the units digit of r(f)?
8
Let g be 0*3/(-9)*-1. Let k(l) = 11*l**2 - 15*l + 42. Let r(p) = -5*p**2 + 7*p - 21. Let n(m) = -6*k(m) - 13*r(m). What is the tens digit of n(g)?
2
Let q be 1/2*-2 + 10. Let w = q - 3. What is the units digit of w?
6
Let t(b) = b**2 - 4*b + 8. Let h(w) = -10*w - 1. Let s be h(-1). What is the units digit of t(s)?
3
Let x(y) = 3*y + 15. What is the tens digit of x(9)?
4
Let p(q) = 48*q**3 - q**2 + 2*q - 1. Let m be p(1). Let b be (-6)/(-48)*-2 + 131/(-4). Let k = m + b. What is the units digit of k?
5
Let r = 623 - 292. What is the hundreds digit of r?
3
What is the units digit of 3*5 + 2 - (-11 + 14)?
4
Let m be (-1)/4 + 3524/16. What is the tens digit of m/14 - 2/(-7)?
1
Suppose 7 = -4*c - 1. Let q(d) = -d**